te a(s).
5
Let y(h) be the first derivative of -h**3/3 - 2*h**2 - h - 7. Let w be y(-5). Let x(r) = 2*r + 9. Determine x(w).
-3
Let t(l) = -1 - 7 - 8*l - l**3 + 1 - 7*l**2. Let c be ((-2)/3)/((-2)/6). Suppose 3*j + 18 = c*u, 12 = -2*j - 0*u - 2*u. What is t(j)?
5
Let d(t) = 5*t**2 + 2*t + 1. Suppose 5*o = 6*o + 1. What is d(o)?
4
Let k(n) = -1 - 1 + 2682*n - n**2 - 2688*n. Calculate k(-6).
-2
Suppose -12 = 2*k - 6*k. Suppose -8 - 7 = -k*z. Let h(l) = l**3 - 6*l**2 + 8*l - 5. Determine h(z).
10
Suppose -2*y + 23 = 3. Let a(c) = c - 2 + y*c - 9*c. Calculate a(-5).
-12
Let p = 1 - 5. Let r(d) = d**3 + 5*d**2 + 4*d - 1. Let m be r(p). Let z(v) = -5*v**3 + 2*v**2 - 1. Give z(m).
6
Let g = 3 + -5. Let n(a) = -3 + 11*a**2 + 6*a**2 - 20*a**2 - 4*a. Calculate n(g).
-7
Suppose -2*g = 2*g + 2*x + 48, 0 = 3*g + 4*x + 36. Let b be (-12)/42 - g/(-7). Let z(d) = 1. Let j(s) = s + 3. Let q(a) = j(a) - 4*z(a). Determine q(b).
-3
Let i be (-68)/(-18) + (-8)/(-36). Let c be 0*(1 + i/(-3)). Let u(y) = 0*y + y - 7*y**2 + c*y**2. Give u(1).
-6
Let p(w) = w - 2. Let t be p(-2). Let i(k) be the first derivative of 3*k**2/2 - k + 2. Give i(t).
-13
Let m(r) = -r + 7. Let f(s) = s - 8. Let j(v) = 5*f(v) + 6*m(v). What is j(8)?
-6
Let k(g) = 9*g**2 + 1. Suppose 4*i = -5*v + 1, v + 2*v + 5*i + 2 = 0. What is k(v)?
10
Let z(w) = -102 - 8*w + 6*w**2 + 100 + 4*w - w**3. Determine z(5).
3
Let q(f) = f**2 - 7*f + 2. Let z be q(6). Let n(o) be the first derivative of 0*o**2 + 3 + 1/4*o**4 + 4/3*o**3 + 5*o. Calculate n(z).
5
Let t(z) be the first derivative of z**3/3 - 3*z**2 + 6*z - 4. Give t(6).
6
Suppose 0 = 3*c + 3*x - 14 - 4, -3*c - 5*x + 24 = 0. Let d(y) = -20*y + 21. Let g(h) = 7*h - 7. Let p(k) = -6*d(k) - 17*g(k). Give p(c).
-4
Let n(q) = q**3 + 9*q**2 + 2*q + 11. Let k = 55 + -64. Give n(k).
-7
Let f(p) = -p**2 - p. Suppose 0 = 7*t - 5*t. Suppose i + t*i + 3 = 0. Give f(i).
-6
Let y(i) = -12*i + 2. Let r(u) = 11*u - 2. Let t(f) = 5*r(f) + 4*y(f). Give t(2).
12
Let t(q) = -q - 8*q + q + 9 - 2 - q**2. What is t(-7)?
14
Let v(q) = -4 + q**2 + 0 + 3*q + 6. Let d be v(-4). Let j(u) = d - 6 + 3*u - 8. Give j(6).
10
Let h be 4 + -4 + -1 + 6. Let b = 7 - h. Suppose 5*c + 9 = b*c. Let p(a) = -a**2 - 5*a + 3. Give p(c).
9
Let a(x) = 5*x - 2. Let r(h) = 6*h - 2. Let m(b) = -5*a(b) + 4*r(b). Give m(-6).
8
Let z be 6/(-30) - 12/(-10). Let t(s) = 5 - 5 - 4*s. Calculate t(z).
-4
Let t(d) be the first derivative of -d**2/2 + 10*d - 14. Calculate t(5).
5
Let t(u) = -1. Let w(y) = -2*y - 9. Let z(h) = 6*t(h) - w(h). Let o be 9*(4/3)/(-4). Give z(o).
-3
Let k = -10 + -8. Let i = k - -8. Let a be 2/(i/(-4) + -3). Let u(c) = c**2 + 2*c - 2. Determine u(a).
6
Let r(y) be the first derivative of -y**3/3 + 7*y**2/2 - 2*y - 12. Calculate r(7).
-2
Let y(c) be the second derivative of c**4/12 + 7*c**3/6 + c**2 + 4*c. Give y(-5).
-8
Let p(v) be the first derivative of 2*v**2 - 3*v - 4. Let s be (-1)/(4/16)*-1. What is p(s)?
13
Let n(l) = -5 + 7*l**2 - 3 + l**3 + 7*l + 8. Give n(-6).
-6
Let f(z) be the second derivative of z**3/3 + 3*z**2 + 35*z. Suppose 2*k + 5 = k. Give f(k).
-4
Let l = -19 - -20. Let r(q) = q**2 + q**2 - 3*q**2 + 10*q**3. What is r(l)?
9
Let f(v) = v**2 - 2. Suppose 2*c - n + 3 = -0, 12 = 2*c + 4*n. Give f(c).
-2
Suppose 3*v + 9 = 4*x + 39, 0 = -4*v - 3*x + 15. Let h be (-16)/(-9) - v/(-27). Let a(c) = c - 1. Calculate a(h).
1
Let n(v) be the third derivative of -1/6*v**4 - 1/30*v**5 + 1/360*v**6 - 1/6*v**3 + 4*v**2 + 0 + 0*v. Let f(q) be the first derivative of n(q). Calculate f(5).
1
Let l(w) = 5*w - 10. Let m(s) = 9*s - 19. Let u(x) = -7*l(x) + 4*m(x). Give u(6).
0
Let p(a) = -a + 1. Let y be p(5). Let f(k) = -k**3 - 6*k**2 + 3 + 0 - 26*k + 48*k - 26*k. What is f(y)?
-13
Let j(u) = -3*u + 8*u**2 + 17 + u**3 - 2*u**3 - 14 + 2*u. Calculate j(8).
-5
Suppose 15 = 3*t + b - 4*b, 10 = 3*t - 2*b. Let g(o) be the third derivative of 0*o + 1/30*o**6 + 1/6*o**3 + 0 + t*o**5 + o**2 + 1/24*o**4. Calculate g(-1).
-4
Let g(a) = -7*a**2 + a**3 + 6*a + 7 - 16 + 14. Determine g(6).
5
Let m(k) be the third derivative of k**6/360 - k**5/24 - k**4/24 + k**2. Let z(c) be the second derivative of m(c). Let y = -5 - -9. What is z(y)?
3
Let b(o) = 3 + 5*o + 0*o + 0 - 6*o. What is b(-5)?
8
Suppose -2*k - 12 = -4*k. Let s(a) = -4*a**3 + 8*a**2 + 9*a + 3. Let p(t) = 3*t**3 - 7*t**2 - 8*t - 3. Let n(r) = 3*p(r) + 2*s(r). Calculate n(k).
-3
Let b(m) = -13*m**3 + m**2. Let v(i) = -2*i - 6. Let o be v(-5). Suppose -7*t + 3*t + 5*c + o = 0, -3*t + 3 = 3*c. Give b(t).
-12
Let g(d) be the first derivative of -d**4/4 + 4*d**3/3 - 2*d - 5. Determine g(4).
-2
Let p(k) = k**2 - 4*k + 3. Let d be p(3). Suppose 0 = -2*l + 7*l - 20. Let v(o) = o + 5 + d - l - 6*o**2. Give v(-1).
-6
Let k(x) = -2*x**2 - 10*x + 2. Let f be k(-5). Let r(u) = 3*u**2 - 2*u + 1. Determine r(f).
9
Let f = 9 + -10. Let w = f + 3. Let d(a) = -a**3 + 2*a**2 - 3*a. Give d(w).
-6
Let x(b) = 7*b**2 + b. Let a be x(-1). Let z(i) = i**3 - 6*i**2 + 2*i + 1. What is z(a)?
13
Let v(u) = -2*u - 1. Let g be v(1). Let z(y) = -6*y**3 - 3*y**2 + 3*y - 5. Let o(d) = -5*d**3 - 2*d**2 + 3*d - 4. Let f(l) = 7*o(l) - 6*z(l). Give f(g).
2
Let p(y) = y**3 + y**2 - y - 2. Let z be p(-2). Let h(k) be the first derivative of -k**2 - 1/3*k**3 - 1 + k. Calculate h(z).
-7
Let b = 10 - 7. Let k(z) be the first derivative of -2 - 1/3*z**b - 7*z - 5/2*z**2. Calculate k(-5).
-7
Let i(h) be the second derivative of h**4/12 - 7*h**3/6 + 3*h**2/2 + 16*h. Calculate i(3).
-9
Let r(a) be the third derivative of -a**5/60 - a**4/8 + a**3/6 - 22*a**2. What is r(-3)?
1
Let d(h) = -4*h**2 - h + 11. Let k(v) = 3*v**2 + v - 10. Let m(x) = -4*d(x) - 5*k(x). Let g be m(0). Let j(w) = w**2 - 4*w - 7. Calculate j(g).
5
Let h(q) = 2*q**3 + 3*q**2 + q + 2. Suppose 2*t + 0 = 2*u + 12, 2*u - 9 = -5*t. Let m = -5 + t. Let a be h(m). Let f(g) = g**3 + 4*g**2 + 3*g + 2. What is f(a)?
-10
Suppose 0 = -5*y + 2*y + 12. Let h(i) = -5*i + 1 + 2*i**2 - i**2 + 2. Determine h(y).
-1
Let g(h) = 1 - 13*h**2 + 5*h + 11*h**2 - 9*h + 6*h. Give g(-1).
-3
Let i(o) be the first derivative of o**4/4 + 4*o**3/3 + 3*o**2/2 + 5*o + 11. Give i(-4).
-7
Let z(x) = -x**3 + 8*x**2 - 6*x - 7. Suppose 5*b = 6*b - 7. What is z(b)?
0
Suppose 0 = -3*y + 4*y. Let a(v) = -v + y*v - 1 + 3*v. Suppose 2*q - 9 = 5*q. Calculate a(q).
-7
Let t(o) = o**2 - 2*o + 1. Let v(u) = -3*u**3 - u**2 + 2*u. Let r be v(-2). Suppose r = 4*s, 5*y + 2*s = -2*s + 31. Calculate t(y).
4
Let p(j) = j**2 + 4*j - 1. Suppose 2*a = -8 - 0. Give p(a).
-1
Suppose -7*b - 16 = -6*b. Let l = b + 10. Let a(r) = -3*r - 7. Give a(l).
11
Let x(z) = 6*z + 19. Let o be x(-4). Let m(t) = t**2 + 4*t + 1. What is m(o)?
6
Let y(x) = -4*x - 3. Let f(l) = 8*l + 5. Let z(g) = -6*f(g) - 11*y(g). Let a(o) = -o**3 + 3*o**2 + o + 1. Let r be a(3). What is z(r)?
-13
Let q(k) = 8*k**3 - 2*k**2 + 1. Let o be (-1 - (-2 + -3)) + -8 + 5. Give q(o).
7
Let a be (-2)/(-3 + 0 + 2). Suppose a*d - 12 = -d. Let c(y) = -2*y + 3*y + 0 + 3*y**2 - 4 + y**3 - 7*y**2. Calculate c(d).
0
Suppose 2*l + 3 + 11 = 0. Let w(h) = h + 7. What is w(l)?
0
Let w(p) be the third derivative of p**6/120 + p**5/12 + p**4/6 + p**3/2 + 4*p**2. Give w(-4).
3
Suppose 5*h - 30 = 5*x, x + 3*h + 7 - 1 = 0. Let p(c) = -c - 11. Give p(x).
-5
Let d(w) = 11*w + 1. Let n = 11 - 7. Let l = 7 - n. Let p be 3*1/l*-1. What is d(p)?
-10
Let s(p) = 5*p - 41. Let g(y) = -y + 10. Let n(m) = -9*g(m) - 2*s(m). What is n(-6)?
-2
Let c(l) = -2*l**3 - 2*l**2 - 4*l + 3. Let z(g) = -g**2 + g - 1. Let r = -8 - -7. Let f(p) = r*c(p) - 2*z(p). Give f(-2).
-5
Let m(a) be the second derivative of a**4/12 - a**3/6 + a**2 - 4*a. Suppose -4*l = -5*l. Give m(l).
2
Let d(y) = 5*y**3 + y + 0*y**2 + 2*y**2 + y**2 - 5*y**2. Give d(1).
4
Let t = -29 - -14. Let b = t + 10. Let l = b - -8. Let o(g) = -g + 4. Give o(l).
1
Let y be (-1 + 2)/(3/(-9)). Let f(v) = -4*v**3 + v**2 + v + 1. Let x(c) = 7*c**3 - 2*c**2 - 2*c - 2. Let j(b) = y*x(b) - 5*f(b). What is j(0)?
1
Let p(h) = h**3 - 6*h**2 + 7*h - 6. Let s(i) = 3*i - 3*i**2 + 4*i**2 + i**2 + 2. Let o be s(-2). Give p(o).
-10
Let r(j) = -j**3 + 4*j**2 - 3*j + 3. Let v = -52 - -55. Determine r(v).
3
Let l(u) = u - 2. Let f(q) = -q + 13. Let t be f(7). Let v be l(t). Let a(p) = 2 + v*p + 4*p - 4*p - 3*